{"id":198,"date":"2019-03-07T09:21:52","date_gmt":"2019-03-07T08:21:52","guid":{"rendered":"http:\/\/amidonsorgues.com\/?page_id=198"},"modified":"2021-07-27T13:59:38","modified_gmt":"2021-07-27T11:59:38","slug":"qui-sommes-nous-2","status":"publish","type":"page","link":"https:\/\/amidonsorgues.com\/index.php\/qui-sommes-nous-2\/","title":{"rendered":"Qui sommes-nous?"},"content":{"rendered":"<p>[et_pb_section fb_built=&#8221;1&#8243; _builder_version=&#8221;3.22&#8243; custom_padding=&#8221;0|0px|4px|0px|false|false&#8221;][et_pb_row _builder_version=&#8221;3.25&#8243; custom_padding=&#8221;0|0px|3px|0px|false|false&#8221;][et_pb_column type=&#8221;4_4&#8243; _builder_version=&#8221;3.25&#8243; custom_padding=&#8221;|||&#8221; custom_padding__hover=&#8221;|||&#8221;][et_pb_text _builder_version=&#8221;3.27.4&#8243; header_font=&#8221;Montserrat||||||||&#8221; header_text_color=&#8221;#3e3e3e&#8221; border_color_bottom=&#8221;#16c3de&#8221;]<\/p>\n<h1 style=\"text-align: center;\">Qui sommes-nous ?<\/h1>\n<p>[\/et_pb_text][\/et_pb_column][\/et_pb_row][\/et_pb_section][et_pb_section fb_built=&#8221;1&#8243; _builder_version=&#8221;3.22&#8243; custom_padding=&#8221;3px|0px|54px|0px|false|false&#8221;][et_pb_row use_custom_gutter=&#8221;on&#8221; gutter_width=&#8221;2&#8243; _builder_version=&#8221;3.25&#8243; background_image=&#8221;https:\/\/amidonsorgues.com\/wp-content\/uploads\/2019\/03\/solidarite2.png&#8221; background_size=&#8221;contain&#8221; width=&#8221;95%&#8221; max_width=&#8221;95%&#8221; custom_margin=&#8221;|||&#8221; custom_padding=&#8221;0px|0|||false|false&#8221; use_custom_width=&#8221;on&#8221; width_unit=&#8221;off&#8221; custom_width_percent=&#8221;95%&#8221; column_structure=&#8221;1_3,1_3,1_3&#8243;][et_pb_column type=&#8221;1_3&#8243; _builder_version=&#8221;3.25&#8243; custom_padding=&#8221;|||1px&#8221; custom_padding__hover=&#8221;|||&#8221;][et_pb_text _builder_version=&#8221;3.27.4&#8243; text_font=&#8221;Montserrat||||||||&#8221; text_text_color=&#8221;#000000&#8243; text_font_size=&#8221;16px&#8221; text_line_height=&#8221;1em&#8221; header_font=&#8221;||||||||&#8221; header_2_font=&#8221;Montserrat|700|||||||&#8221; header_2_text_color=&#8221;#3e3e3e&#8221; background_size=&#8221;contain&#8221; background_repeat=&#8221;repeat-y&#8221; custom_margin=&#8221;|1px||1px&#8221; custom_padding=&#8221;30px|30px|30px|30px&#8221; border_radii=&#8221;on|20px|20px|20px|20px&#8221; border_width_all=&#8221;2px&#8221; border_color_all=&#8221;#16c3de&#8221; box_shadow_style=&#8221;preset1&#8243; inline_fonts=&#8221;Montserrat&#8221;]<\/p>\n<h2 style=\"text-align: center;\"><strong>Notre histoire<\/strong><\/h2>\n<p><span face=\"Times New Roman, serif\" style=\"font-family: 'Times New Roman', serif;\"><span size=\"3\" style=\"font-size: medium;\"><span color=\"#000000\" style=\"color: #000000;\"><span face=\"Helvetica, serif\" style=\"font-family: Helvetica, serif;\"><\/span><\/span><\/span><\/span><\/p>\n<p style=\"text-align: justify;\"><span face=\"Times New Roman, serif\" style=\"font-family: Montserrat; font-size: medium;\"><span size=\"3\"><span color=\"#000000\" style=\"color: #000000;\"><span face=\"Helvetica, serif\">Cr\u00e9\u00e9e en 1994 par le Directeur G\u00e9n\u00e9ral de la soci\u00e9t\u00e9 d\u2019HLM Vaucluse-Logement, Mr Aim\u00e9 Montal, Amidon Sorgues est une association de loi 1901 et reconnue comme Atelier et Chantier d\u2019Insertion (ACI).<\/span><\/span><\/span><\/span><\/p>\n<p style=\"text-align: justify;\"><span style=\"font-family: Montserrat;\"><a name=\"_GoBack\"><\/a><span color=\"#000000\" style=\"color: #000000;\"><span face=\"Helvetica, serif\"><span size=\"3\" style=\"font-size: medium;\">Install\u00e9e depuis ses d\u00e9buts dans la cit\u00e9 G\u00e9n\u00e9rat, quartier prioritaire de la ville de Sorgues, Amidon Sorgues joue ainsi un r\u00f4le essentiel dans le d\u00e9veloppement socio-\u00e9conomique local par son objectif de remobilisation sociale et de pr\u00e9paration \u00e0 l\u2019emploi de personnes en grandes difficult\u00e9s sociales et \u00e9conomiques. <\/span><\/span><\/span><\/span><\/p>\n<p><span style=\"font-family: Montserrat;\">\u00a0<\/span><\/p>\n<p style=\"text-align: justify;\"><span style=\"font-family: Montserrat;\"><span color=\"#000000\" style=\"color: #000000;\"><span face=\"Helvetica, serif\"><span size=\"3\" style=\"font-size: medium;\"><b>En nous confiant votre linge vous\u00a0participez activement \u00e0 ce processus et encouragez nos employ\u00e9s \u00e0 atteindre leur objectif<\/b><\/span><\/span><\/span><span color=\"#000000\" style=\"color: #000000;\"><span face=\"Helvetica, serif\"><span size=\"3\" style=\"font-size: medium;\">.<\/span><\/span><\/span><\/span><span style=\"font-size: 16px; text-align: left;\">\u00a0<\/span><\/p>\n<p>[\/et_pb_text][et_pb_text _builder_version=&#8221;4.0.11&#8243; text_font=&#8221;Montserrat||||||||&#8221; text_text_color=&#8221;#000000&#8243; text_font_size=&#8221;16px&#8221; text_line_height=&#8221;1em&#8221; header_font=&#8221;||||||||&#8221; header_2_font=&#8221;Montserrat|700|||||||&#8221; header_2_text_color=&#8221;#3e3e3e&#8221; custom_padding=&#8221;30px|30px|30px|30px&#8221; hover_enabled=&#8221;0&#8243; border_radii=&#8221;on|20px|20px|20px|20px&#8221; border_width_all=&#8221;2px&#8221; border_color_all=&#8221;#16c3de&#8221; box_shadow_style=&#8221;preset1&#8243;]<\/p>\n<h2 style=\"text-align: center;\"><strong><span color=\"#000000\"><span face=\"Helvetica, serif\"><span size=\"3\">Les \u00ab\u00a0permanents\u00a0\u00bb\u00a0<\/span><\/span><\/span><\/strong><\/h2>\n<p style=\"text-align: center;\"><strong><span color=\"#000000\"><span face=\"Helvetica, serif\"><span size=\"3\"><\/span><\/span><\/span><\/strong><\/p>\n<p style=\"text-align: center;\"><strong><span color=\"#000000\"><span face=\"Helvetica, serif\"><span size=\"3\"><\/span><\/span><\/span><\/strong><\/p>\n<ul>\n<li><span color=\"#000000\"><span face=\"Helvetica, serif\"><span size=\"3\">Na\u00efma El Mahjoubi\u00a0: Conseill\u00e8re en insertion professionnelle<\/span><\/span><\/span><\/li>\n<li><span color=\"#000000\"><span face=\"Helvetica, serif\"><span size=\"3\">Fatima Bachir Bey\u00a0: Encadrante technique \u2013 \u00ab\u00a0repassage\u00a0\u00bb<\/span><\/span><\/span><\/li>\n<li><span color=\"#000000\"><span face=\"Helvetica, serif\"><span size=\"3\">Ang\u00e9lique Ull\u00a0: Encadrante technique \u2013 \u00ab\u00a0repassage\u00a0\u00bb<br \/><\/span><\/span><\/span><\/li>\n<li><span color=\"#000000\"><span face=\"Helvetica, serif\"><span size=\"3\">Maria Haddar : Encadrante technique \u2013 \u00ab couture\u00bb<br \/><\/span><\/span><\/span><span color=\"#000000\"><span face=\"Helvetica, serif\"><span size=\"3\"><\/span><\/span><\/span><\/li>\n<\/ul>\n<p>[\/et_pb_text][\/et_pb_column][et_pb_column type=&#8221;1_3&#8243; _builder_version=&#8221;3.25&#8243; custom_padding=&#8221;|||&#8221; custom_padding__hover=&#8221;|||&#8221;][et_pb_text _builder_version=&#8221;3.27.4&#8243; text_font=&#8221;Montserrat||||||||&#8221; text_text_color=&#8221;#000000&#8243; text_font_size=&#8221;16px&#8221; text_line_height=&#8221;1em&#8221; header_font=&#8221;||||||||&#8221; header_2_font=&#8221;Montserrat|700|||||||&#8221; header_2_text_color=&#8221;#3e3e3e&#8221; background_size=&#8221;contain&#8221; background_repeat=&#8221;repeat-y&#8221; custom_padding=&#8221;30px|15px|30px|30px&#8221; border_radii=&#8221;on|20px|20px|20px|20px&#8221; border_width_all=&#8221;2px&#8221; border_color_all=&#8221;#16c3de&#8221; box_shadow_style=&#8221;preset1&#8243; inline_fonts=&#8221;Montserrat&#8221;]<\/p>\n<h2 style=\"text-align: center;\"><strong>Un dispositif \u00e9conomique, social et solidaire\u00a0<\/strong><\/h2>\n<p><span style=\"text-decoration: underline;\"><strong><\/strong><\/span><\/p>\n<p><span style=\"text-decoration: underline;\"><strong><\/strong><\/span><\/p>\n<p style=\"text-align: justify;\"><span style=\"font-family: Montserrat;\"><span face=\"Times New Roman, serif\"><span size=\"3\" style=\"font-size: medium;\"><span color=\"#000000\" style=\"color: #000000;\"><span face=\"Helvetica, serif\">En s\u2019appuyant sur une activit\u00e9 professionnelle de services de repassage et r\u00e9paration du linge (retouches), nous encadrons et formons ainsi chaque ann\u00e9e entre 30 et 60\u00a0<\/span><\/span><\/span><\/span><span face=\"Times New Roman, serif\"><span size=\"3\" style=\"font-size: medium;\"><span color=\"#000000\" style=\"color: #000000;\"><span face=\"Helvetica, serif\">personnes qui sont embauch\u00e9es en Contrat \u00e0 Dur\u00e9e D\u00e9termin\u00e9e d\u2019Insertion (CDDI) \u00e0 temps partiel, soit 104 heures \/ mois pour une dur\u00e9e allant de 4 \u00e0 24 mois selon leurs besoins.<\/span><\/span><\/span><\/span><\/span><\/p>\n<p style=\"text-align: justify;\"><span face=\"Times New Roman, serif\" style=\"font-family: Montserrat; font-size: medium;\"><span size=\"3\"><span color=\"#000000\" style=\"color: #000000;\"><span face=\"Helvetica, serif\">Pour b\u00e9n\u00e9ficier de notre dispositif, les candidats doivent remplir des crit\u00e8res d\u2019\u00e9ligibilit\u00e9 au CDDI \u00e9dict\u00e9es par Pole Emploi. Nous recrutons donc uniquement\u00a0:<\/span><\/span><\/span><\/span><\/p>\n<ul style=\"text-align: justify;\">\n<li><span face=\"Times New Roman, serif\" style=\"font-family: Montserrat; font-size: medium;\"><span size=\"3\"><span color=\"#000000\" style=\"color: #000000;\"><span face=\"Helvetica, serif\">Des b\u00e9n\u00e9ficiaires des minimas sociaux (RSA\u2026)<\/span><\/span><\/span><\/span><\/li>\n<li><span face=\"Times New Roman, serif\" style=\"font-family: Montserrat; font-size: medium;\"><span size=\"3\"><span color=\"#000000\" style=\"color: #000000;\"><span face=\"Helvetica, serif\">Des ch\u00f4meurs tr\u00e8s longues dur\u00e9es<\/span><\/span><\/span><\/span><\/li>\n<li><span face=\"Times New Roman, serif\" style=\"font-family: Montserrat; font-size: medium;\"><span size=\"3\"><span color=\"#000000\" style=\"color: #000000;\"><span face=\"Helvetica, serif\">Des jeunes de moins de 26 ans en grande difficult\u00e9<\/span><\/span><\/span><\/span><\/li>\n<li><span face=\"Times New Roman, serif\" style=\"font-family: Montserrat; font-size: medium;\"><span size=\"3\"><span color=\"#000000\" style=\"color: #000000;\"><span face=\"Helvetica, serif\">Des travailleurs handicap\u00e9s<\/span><\/span><\/span><\/span><\/li>\n<\/ul>\n<p style=\"text-align: justify;\"><span face=\"Times New Roman, serif\" style=\"font-family: Montserrat; font-size: medium;\"><span size=\"3\"><span color=\"#000000\" style=\"color: #000000;\"><span face=\"Helvetica, serif\">Retrouver un emploi, m\u00eame pour 6 mois ou 24 mois \u00e0 temps partiel, c\u2019est un premier pas vers une r\u00e9appropriation de l\u2019univers professionnel quand on en est sorti depuis longtemps (contraintes horaires, relations clients, respect de la hi\u00e9rarchie\u2026), c\u2019est \u00e9galement retrouver une certaine stabilit\u00e9 pour affronter et r\u00e9soudre les autres difficult\u00e9s et reprendre confiance en soi.<\/span><\/span><\/span><\/span><\/p>\n<p style=\"text-align: justify;\"><span face=\"Times New Roman, serif\" style=\"font-family: Montserrat; font-size: medium;\"><span size=\"3\"><span color=\"#000000\" style=\"color: #000000;\"><span face=\"Helvetica, serif\">Tout au long de son contrat, chaque salari\u00e9 est accompagn\u00e9 par une Conseill\u00e8re en Insertion Professionnelle (CIP) au travers d\u2019entretiens mensuels r\u00e9guliers. Ce suivi individuel et personnalis\u00e9 permet d\u2019aider chaque salari\u00e9 \u00e0 r\u00e9aliser des candidatures, obtenir une formation professionnelle, trouver un stage d\u2019immersion pour d\u00e9couvrir un m\u00e9tier ou un secteur d\u2019activit\u00e9 ou encore \u00eatre accompagn\u00e9 dans l\u2019inscription et le suivi du permis de conduire, premi\u00e8re n\u00e9cessit\u00e9 pour supprimer le frein de la mobilit\u00e9.<\/span><\/span><\/span><\/span><\/p>\n<p style=\"text-align: justify;\"><span face=\"Times New Roman, serif\" style=\"font-family: Montserrat; font-size: medium;\"><span size=\"3\"><span color=\"#000000\" style=\"color: #000000;\"><span face=\"Helvetica, serif\"><i><b>Les interventions sont aussi multiples que l\u2019humain est unique.<\/b><\/i><\/span><\/span><\/span><\/span><\/p>\n<p>[\/et_pb_text][\/et_pb_column][et_pb_column type=&#8221;1_3&#8243; _builder_version=&#8221;3.25&#8243; custom_padding=&#8221;|||&#8221; custom_padding__hover=&#8221;|||&#8221;][et_pb_text _builder_version=&#8221;3.27.4&#8243; text_font=&#8221;Montserrat||||||||&#8221; text_text_color=&#8221;#000000&#8243; text_font_size=&#8221;16px&#8221; text_line_height=&#8221;1em&#8221; header_font=&#8221;||||||||&#8221; header_2_font=&#8221;Montserrat|700|||||||&#8221; header_2_text_color=&#8221;#3e3e3e&#8221; custom_margin=&#8221;||&#8221; custom_padding=&#8221;30px|15px|30px|30px&#8221; link_option_url=&#8221;https:\/\/amidonsorgues.com\/index.php\/contact\/&#8221; border_radii=&#8221;on|20px|20px|20px|20px&#8221; border_width_all=&#8221;2px&#8221; border_color_all=&#8221;#16c3de&#8221; box_shadow_style=&#8221;preset1&#8243;]<\/p>\n<h2 class=\"western\" align=\"CENTER\"><span face=\"Helvetica, serif\" style=\"font-family: Helvetica, serif;\"><span size=\"5\" style=\"font-size: x-large;\"><b>Vous recherchez des salari\u00e9s\u00a0? <\/b><\/span><\/span><\/h2>\n<h2 class=\"western\" align=\"CENTER\"><span face=\"Helvetica, serif\" style=\"font-family: Helvetica, serif;\"><span size=\"5\" style=\"font-size: x-large;\"><b>Contactez-nous!<\/b><\/span><\/span><\/h2>\n<p><span color=\"#000000\" style=\"color: #000000;\"><span face=\"Helvetica, serif\" style=\"font-family: Helvetica, serif;\"><span size=\"3\" style=\"font-size: medium;\"><\/span><\/span><\/span><\/p>\n<p>[\/et_pb_text][et_pb_text _builder_version=&#8221;3.27.4&#8243; text_font=&#8221;Montserrat||||||||&#8221; text_text_color=&#8221;#000000&#8243; text_font_size=&#8221;16px&#8221; text_line_height=&#8221;1em&#8221; header_font=&#8221;||||||||&#8221; header_2_font=&#8221;Montserrat||||||||&#8221; header_2_text_color=&#8221;#3e3e3e&#8221; custom_padding=&#8221;30px|30px|30px|30px&#8221; link_option_url=&#8221;https:\/\/amidonsorgues.com\/index.php\/contact\/&#8221; border_radii=&#8221;on|20px|20px|20px|20px&#8221; border_width_all=&#8221;2px&#8221; border_color_all=&#8221;#16c3de&#8221; box_shadow_style=&#8221;preset1&#8243;]<\/p>\n<h2 align=\"CENTER\"><span color=\"#000000\"><span face=\"Helvetica, serif\"><span size=\"3\"><b>Vous pensez pouvoir b\u00e9n\u00e9ficier de ce dispositif\u00a0?<\/b><\/span><\/span><\/span><\/h2>\n<p>&nbsp;<\/p>\n<p style=\"text-align: justify;\"><span color=\"#000000\"><span face=\"Helvetica, serif\"><span size=\"3\">N\u2019h\u00e9sitez pas \u00e0 nous contacter ou \u00e0 consulter votre conseiller p\u00f4le emploi \u00e0 propos des ateliers et chantiers d\u2019insertion.<\/span><\/span><\/span><\/p>\n<p style=\"text-align: justify;\"><span color=\"#000000\"><span face=\"Helvetica, serif\"><span size=\"3\">Amidon Sorgues est conventionn\u00e9e par l\u2019\u00c9tat et b\u00e9n\u00e9ficie de son soutien technique et financier, ainsi que de celui du Conseil d\u00e9partemental du Vaucluse et de la r\u00e9gion Provence Alpes C\u00f4te d\u2019Azur.<\/span><\/span><\/span><\/p>\n<p>[\/et_pb_text][et_pb_text _builder_version=&#8221;4.0.11&#8243; text_font=&#8221;Montserrat||||||||&#8221; text_text_color=&#8221;#000000&#8243; text_font_size=&#8221;16px&#8221; text_line_height=&#8221;1em&#8221; ul_font=&#8221;Montserrat||||||||&#8221; ul_text_color=&#8221;#000000&#8243; ul_font_size=&#8221;16px&#8221; header_font=&#8221;||||||||&#8221; header_text_color=&#8221;#3e3e3e&#8221; header_2_font=&#8221;Montserrat||||||||&#8221; custom_padding=&#8221;20px|20px|20px|20px&#8221; hover_enabled=&#8221;0&#8243; border_radii=&#8221;on|30px|30px|30px|30px&#8221; border_width_all=&#8221;2px&#8221; border_color_all=&#8221;#16c3de&#8221; box_shadow_style=&#8221;preset1&#8243; inline_fonts=&#8221;Montserrat&#8221;]<\/p>\n<h2 style=\"text-align: center;\"><strong>Nos partenaires<\/strong><\/h2>\n<p style=\"font-weight: 400;\"><strong><\/strong><\/p>\n<p style=\"font-weight: 400;\"><strong>Nos partenaires\u00a0institutionnels :<\/strong><\/p>\n<p style=\"font-weight: 400;\"><strong><\/strong><\/p>\n<ul style=\"font-weight: 400;\">\n<li><span style=\"font-family: Montserrat; font-weight: normal;\">L\u2019Etat \u2013 La Direccte Provence-Alpes-C\u00f4te d\u2019Azur<\/span> (<strong><a href=\"http:\/\/www.paca.direccte.gouv.fr\/vaucluse\" target=\"_blank\" rel=\"noopener noreferrer\">www.paca.direccte.gouv.fr\/vaucluse<\/a><\/strong><a href=\"http:\/\/www.paca.direccte.gouv.fr\/vaucluse\"><\/a>)<br \/><img loading=\"lazy\" decoding=\"async\" src=\"https:\/\/amidonsorgues.com\/wp-content\/uploads\/2021\/07\/logo-direccte-300x150.jpg\" alt=\"\" class=\"wp-image-896 alignnone size-medium\" width=\"280\" height=\"140\" srcset=\"https:\/\/amidonsorgues.com\/wp-content\/uploads\/2021\/07\/logo-direccte-300x150.jpg 300w, https:\/\/amidonsorgues.com\/wp-content\/uploads\/2021\/07\/logo-direccte.jpg 318w\" sizes=\"(max-width: 280px) 100vw, 280px\" \/><\/li>\n<li>Le D\u00e9partement du Vaucluse (<a href=\"http:\/\/www.vaucluse.fr\/\" target=\"_blank\" rel=\"noopener noreferrer\"><strong>www.vaucluse.fr<\/strong>)<br \/>\u00a0\u00a0\u00a0\u00a0\u00a0\u00a0\u00a0\u00a0\u00a0\u00a0\u00a0\u00a0\u00a0 <img loading=\"lazy\" decoding=\"async\" src=\"https:\/\/amidonsorgues.com\/wp-content\/uploads\/2021\/07\/logo-dep-vaucluse.png\" alt=\"\" class=\"wp-image-897 alignnone size-full\" width=\"146\" height=\"146\" srcset=\"https:\/\/amidonsorgues.com\/wp-content\/uploads\/2021\/07\/logo-dep-vaucluse.png 225w, https:\/\/amidonsorgues.com\/wp-content\/uploads\/2021\/07\/logo-dep-vaucluse-150x150.png 150w\" sizes=\"(max-width: 146px) 100vw, 146px\" \/><\/a><\/li>\n<li>La R\u00e9gion Sud (<strong><a href=\"https:\/\/www.maregionsud.fr\/\" target=\"_blank\" rel=\"noopener noreferrer\">www.maregionsud.fr<\/a><\/strong>)<br \/><img loading=\"lazy\" decoding=\"async\" src=\"https:\/\/amidonsorgues.com\/wp-content\/uploads\/2021\/07\/logo-r\u00e9gion.png\" alt=\"\" class=\"wp-image-898 alignnone size-full\" width=\"295\" height=\"171\" \/><\/li>\n<li>P\u00f4le emploi<br \/><img loading=\"lazy\" decoding=\"async\" src=\"https:\/\/amidonsorgues.com\/wp-content\/uploads\/2021\/07\/lgo-pole-emploi-300x136.jpg\" alt=\"\" class=\"wp-image-899 alignnone size-medium\" width=\"300\" height=\"136\" srcset=\"https:\/\/amidonsorgues.com\/wp-content\/uploads\/2021\/07\/lgo-pole-emploi-300x136.jpg 300w, https:\/\/amidonsorgues.com\/wp-content\/uploads\/2021\/07\/lgo-pole-emploi.jpg 334w\" sizes=\"(max-width: 300px) 100vw, 300px\" \/><\/li>\n<\/ul>\n<p style=\"font-weight: 400;\"><strong>\u00a0<\/strong><\/p>\n<p style=\"font-weight: 400;\"><strong><\/strong><\/p>\n<p style=\"font-weight: 400;\"><strong>Nos partenaires priv\u00e9s\u00a0:<\/strong><\/p>\n<p style=\"font-weight: 400;\"><strong><\/strong><\/p>\n<ul style=\"font-weight: 400;\">\n<li>Grand Delta Habitat<\/li>\n<li>Vinci Autoroutes<\/li>\n<li>La fondation Caisse d\u2019Epargne<\/li>\n<li>N\u00eemes Trucks Services<\/li>\n<li>Le Cabinet d\u2019expertise comptable MOREL (Sorgues)<\/li>\n<li>L\u2019office notarial Gautier, Comte, Doux et Aubert (Sorgues)<\/li>\n<li>AVICA Groupe (Entraigues s\/ la Sorgue)<\/li>\n<li>ORPI (Ved\u00e8ne)<\/li>\n<\/ul>\n<p>[\/et_pb_text][\/et_pb_column][\/et_pb_row][\/et_pb_section]<\/p>\n","protected":false},"excerpt":{"rendered":"<p>Qui sommes-nous ?Notre histoire Cr\u00e9\u00e9e en 1994 par le Directeur G\u00e9n\u00e9ral de la soci\u00e9t\u00e9 d\u2019HLM Vaucluse-Logement, Mr Aim\u00e9 Montal, Amidon Sorgues est une association de loi 1901 et reconnue comme Atelier et Chantier d\u2019Insertion (ACI). Install\u00e9e depuis ses d\u00e9buts dans la cit\u00e9 G\u00e9n\u00e9rat, quartier prioritaire de la ville de Sorgues, Amidon Sorgues joue ainsi un [&hellip;]<\/p>\n","protected":false},"author":1,"featured_media":0,"parent":0,"menu_order":0,"comment_status":"closed","ping_status":"closed","template":"","meta":{"_et_pb_use_builder":"on","_et_pb_old_content":"","_et_gb_content_width":"","footnotes":""},"class_list":["post-198","page","type-page","status-publish","hentry"],"_links":{"self":[{"href":"https:\/\/amidonsorgues.com\/index.php\/wp-json\/wp\/v2\/pages\/198","targetHints":{"allow":["GET"]}}],"collection":[{"href":"https:\/\/amidonsorgues.com\/index.php\/wp-json\/wp\/v2\/pages"}],"about":[{"href":"https:\/\/amidonsorgues.com\/index.php\/wp-json\/wp\/v2\/types\/page"}],"author":[{"embeddable":true,"href":"https:\/\/amidonsorgues.com\/index.php\/wp-json\/wp\/v2\/users\/1"}],"replies":[{"embeddable":true,"href":"https:\/\/amidonsorgues.com\/index.php\/wp-json\/wp\/v2\/comments?post=198"}],"version-history":[{"count":26,"href":"https:\/\/amidonsorgues.com\/index.php\/wp-json\/wp\/v2\/pages\/198\/revisions"}],"predecessor-version":[{"id":900,"href":"https:\/\/amidonsorgues.com\/index.php\/wp-json\/wp\/v2\/pages\/198\/revisions\/900"}],"wp:attachment":[{"href":"https:\/\/amidonsorgues.com\/index.php\/wp-json\/wp\/v2\/media?parent=198"}],"curies":[{"name":"wp","href":"https:\/\/api.w.org\/{rel}","templated":true}]}}